of 60719?
7
What is the hundreds digit of 1067737?
7
What is the hundred thousands digit of 104793?
1
What is the millions digit of 1045607?
1
What is the units digit of 8517645?
5
What is the units digit of 49117?
7
What is the tens digit of 157549?
4
What is the thousands digit of 89012?
9
What is the hundreds digit of 2013462?
4
What is the thousands digit of 122533?
2
What is the ten millions digit of 16142013?
1
What is the millions digit of 5595749?
5
What is the ten thousands digit of 3475723?
7
What is the hundreds digit of 24433648?
6
What is the hundred thousands digit of 1204656?
2
What is the ten thousands digit of 89514?
8
What is the thousands digit of 1102157?
2
What is the ten thousands digit of 11004?
1
What is the hundred thousands digit of 32031095?
0
What is the tens digit of 4339673?
7
What is the ten thousands digit of 5227520?
2
What is the hundreds digit of 175200?
2
What is the ten thousands digit of 395064?
9
What is the ten thousands digit of 229149?
2
What is the ten millions digit of 13261762?
1
What is the tens digit of 234758?
5
What is the thousands digit of 1872404?
2
What is the hundred thousands digit of 2497897?
4
What is the hundred thousands digit of 5403324?
4
What is the ten thousands digit of 658880?
5
What is the ten thousands digit of 2579724?
7
What is the tens digit of 1216487?
8
What is the hundreds digit of 189748?
7
What is the hundreds digit of 4556886?
8
What is the hundreds digit of 1114984?
9
What is the units digit of 222160?
0
What is the hundred thousands digit of 740497?
7
What is the hundreds digit of 7586514?
5
What is the ten thousands digit of 5188627?
8
What is the ten thousands digit of 313974?
1
What is the hundred thousands digit of 450255?
4
What is the thousands digit of 264582?
4
What is the tens digit of 170652?
5
What is the ten thousands digit of 10057654?
5
What is the tens digit of 3510263?
6
What is the thousands digit of 149241?
9
What is the millions digit of 7684135?
7
What is the ten thousands digit of 44221?
4
What is the tens digit of 198636?
3
What is the thousands digit of 84937?
4
What is the hundreds digit of 384181?
1
What is the tens digit of 3132927?
2
What is the hundred thousands digit of 152892?
1
What is the thousands digit of 368367?
8
What is the thousands digit of 2636169?
6
What is the millions digit of 1812106?
1
What is the units digit of 11289?
9
What is the tens digit of 12288559?
5
What is the hundreds digit of 594125?
1
What is the units digit of 3676122?
2
What is the hundreds digit of 124726?
7
What is the thousands digit of 1175928?
5
What is the hundreds digit of 25959834?
8
What is the thousands digit of 294423?
4
What is the hundreds digit of 2819783?
7
What is the hundreds digit of 61988?
9
What is the ten thousands digit of 2611683?
1
What is the tens digit of 91845?
4
What is the ten thousands digit of 489255?
8
What is the ten thousands digit of 29839251?
3
What is the tens digit of 42591520?
2
What is the thousands digit of 7043348?
3
What is the hundreds digit of 678968?
9
What is the tens digit of 263976?
7
What is the thousands digit of 71430?
1
What is the hundred thousands digit of 196018?
1
What is the hundreds digit of 47326?
3
What is the hundreds digit of 652503?
5
What is the tens digit of 334122?
2
What is the units digit of 1407472?
2
What is the thousands digit of 1308776?
8
What is the hundred thousands digit of 254856?
2
What is the thousands digit of 385368?
5
What is the ten thousands digit of 3928768?
2
What is the units digit of 20870258?
8
What is the ten thousands digit of 3157794?
5
What is the hundred thousands digit of 151848?
1
What is the millions digit of 1073643?
1
What is the thousands digit of 326372?
6
What is the ten thousands digit of 1672623?
7
What is the ten millions digit of 37096451?
3
What is the units digit of 629674?
4
What is the thousands digit of 2052527?
2
What is the millions digit of 5206385?
5
What is the ten thousands digit of 1465837?
6
What is the thousands digit of 283753?
3
What is the ten thousands digit of 34734404?
3
What is the thousands digit of 18250576?
0
What is the hundred thousands digit of 884831?
8
What is the tens digit of 6655790?
9
What is the millions digit of 15173301?
5
What is the ten thousands digit of 280830?
8
What is the hundreds digit of 2852151?
1
What is the ten thousands digit of 440237?
4
What is the hundreds digit of 2867054?
0
What is the millions digit of 8043249?
8
What is the millions digit of 1987537?
1
What is the thousands digit of 4604485?
4
What is the ten millions digit of 10614902?
1
What is the hundred thousands digit of 9594113?
5
What is the millions digit of 7971765?
7
What is the hundred thousands digit of 1996628?
9
What is the hundreds digit of 3100571?
5
What is the units digit of 363871?
1
What is the hundred thousands digit of 480457?
4
What is the hundreds digit of 4480042?
0
What is the thousands digit of 29017591?
7
What is the hundreds digit of 806231?
2
What is the thousands digit of 2462355?
2
What is the thousands digit of 474070?
4
What is the units digit of 2428869?
9
What is the units digit of 1037517?
7
What is the tens digit of 21007588?
8
What is the hundred thousands digit of 1870489?
8
What is the thousands digit of 15768143?
8
What is the thousands digit of 163695?
3
What is the tens digit of 4990395?
9
What is the thousands digit of 29869?
9
What is the tens digit of 2632967?
6
What is the thousands digit of 4813237?
3
What is the hundred thousands digit of 492365?
4
What is the units digit of 10036529?
9
What is the thousands digit of 19426506?
6
What is the units digit of 5493996?
6
What is the tens digit of 2209?
0
What is the hundred thousands digit of 3666241?
6
What is the thousands digit of 83194?
3
What is the tens digit of 1315862?
6
What is the hundred thousands digit of 1867031?
8
What is the ten thousands digit of 4701754?
0
What is the units digit of 349187?
7
What is the units digit of 641425?
5
What is the tens digit of 5693066?
6
What is the millions digit of 5560097?
5
What is the millions digit of 1162368?
1
What is the tens digit of 125324?
2
What is the tens digit of 186470?
7
What is the ten thousands digit of 988710?
8
What is the millions digit of 9937485?
9
What is the hundred thousands digit of 2309950?
3
What is the hundreds digit of 180843?
8
What is the hundreds digit of 16292?
2
What is the thousands digit of 869698?
9
What is the thousands digit of 95777?
5
What is the millions digit of 6029363?
6
What is the hundreds digit of 1926916?
9
What is the ten thousands digit of 179208?
7
What is the hundred thousands digit of 1454684?
4
What is the thousands digit of 1791167?
1
What is the thousands digit of 6200128?
0
What is the hundreds digit of 699636?
6
What is the hundreds digit of 531242?
2
What is the units digit of 64775?
5
What is the tens digit of 284996?
9
What is the hundred thousands digit of 394826?
3
What is the ten millions digit of 14780825?
1
What is the ten thousands digit of 309396?
0
What is the units digit of 179143?
3
What is the hundred thousands digit of 447656?
4
What is the millions digit of 5452628?
5
What is the hundreds digit of 7107863?
8
What is the hundred thousands digit of 257401?
2
What is the hundreds digit of 10325994?
9
What is the hundred thousands digit of 826590?
8
What is the thousands digit of 2637835?
7
What is the units digit of 4615695?
5
What is the millions digit of 6550497?
6
What is the tens digit of 8086574?
7
What is the ten thousands digit of 194222?
9
What is the thousands digit of 304860?
4
What is the hundreds digit of 355765?
7
What is the hundred thousands digit of 405386?
4
What is the hundred thousands digit of 1607138?
6
What is the thousands digit of 304564?
4
What is the hundreds digit of 438094?
0
What is the ten thousands digit of 209619?
0
What is the thousands digit of 5073652?
3
What is the hundred thousands digit of 672825?
6
What is the units digit of 2435262?
2
What is the ten thousands digit of 14071?
1
What is the thousands digit of 773453?
3
What is the tens digit of 4682301?
0
What is the hundred thousands digit of 635617?
6
What is the hundreds digit of 2125665?
6
What is the thousands digit of 3168534?
8
What i